 -y - a + 2 = -7. List the prime factors of -1*-2*18/y.
3
Let m = -53 + 95. List the prime factors of m.
2, 3, 7
Let c be ((-3)/(-2))/1*-2. Let a be 1/c + (-28)/(-12). Suppose 6 + 28 = 3*j - 5*x, -2*x + a = 0. List the prime factors of j.
13
Let v = 6 + -6. Let l = v + 14. List the prime factors of l.
2, 7
What are the prime factors of ((-156)/9)/(-1)*3?
2, 13
Let x be (6/10)/(1/35). Let g be (0 + 2)/(3/111). Suppose -g - x = -5*b. List the prime factors of b.
19
Suppose -3*q + 15 = 2*q. What are the prime factors of ((-10)/(-8))/(q/60)?
5
Let n = 17 - 12. Suppose k = -n*z - 11, 2*z = -3*k - 0 + 6. Suppose -v + 76 = k*f, -f + 5*v = 3*f - 52. List the prime factors of f.
2, 3
What are the prime factors of (4 - 291/(-3))/1?
101
Let r(v) = -v**3 + 4*v**2 + v + 3. Suppose 5*f + 2*i = 16, -16 = -5*f + 3*i + 10. What are the prime factors of r(f)?
7
What are the prime factors of ((-67)/4)/((-16)/64)?
67
Let j(f) = -f**3 + 9*f**2 - 7*f - 1. Let i be 1/((4/6)/2). Suppose i*y = -0*y + 24. List the prime factors of j(y).
7
Let w(h) = 13*h**2 - 21*h + 17. Let b(p) = 7*p**2 - 11*p + 9. Let j(a) = 11*b(a) - 6*w(a). Let n be j(5). List the prime factors of (-53)/(-3) - 1/n.
2, 3
Suppose -s - 3*s = -80. List the prime factors of s.
2, 5
List the prime factors of (180/(-14))/(12/(-56)).
2, 3, 5
Suppose -63 = -3*y - 0*y. List the prime factors of y/3 - (0 - 3).
2, 5
Let m = 32 + -50. Let x = 8 - m. Suppose 79 = 5*n - 2*w + 17, -n + x = 3*w. What are the prime factors of n?
2, 7
Suppose 7 = o + 3*p, -3*p + 10 = -2. Let a = 10 - o. Let j = -9 + a. List the prime factors of j.
2, 3
Let m = -54 + 74. What are the prime factors of m?
2, 5
Let x(t) = t + 8. Let c be x(-6). Suppose r - 3*g = 6, c*r - 12 = -0*r - 4*g. What are the prime factors of r?
2, 3
What are the prime factors of (0 + (-62)/(-4))/((-3)/(-12))?
2, 31
Suppose -8*v + 108 = -4*v. List the prime factors of v.
3
Suppose -5*c + 414 = -8*c. What are the prime factors of (c/(-9))/(8/12)?
23
Suppose 0 = 2*c - c + 4*r - 59, r + 236 = 4*c. What are the prime factors of c?
59
Let b be 0 - -10 - 3/(-3). Let d = b - 0. What are the prime factors of d?
11
Let p(v) = v**3 + 13*v**2 + 10*v + 1. List the prime factors of p(-10).
3, 67
Suppose -4 = -i, 4*b + 0*b + i = -36. Let h = b + 35. What are the prime factors of h?
5
Let k be -11 + (-2 - -2) - 0. Let l = 23 + k. List the prime factors of l.
2, 3
Suppose h = -5*y + 74, -2*h + 72 = 4*y + 2*h. Let t be (-4)/14 - (-32)/y. Suppose 4*j = -5*k + 35, -28 = -6*k + t*k + 2*j. What are the prime factors of k?
7
Let n be 1 - (-5 + (-9)/(-3)). Let j be 18/n*24/9. List the prime factors of (-12)/5*(-40)/j.
2, 3
What are the prime factors of -2*(9/(-2))/3?
3
Let i(l) be the first derivative of l**5/20 - l**4/12 - l**2/2 - 2*l - 1. Let g(c) be the first derivative of i(c). List the prime factors of g(2).
3
Let m(k) = k**2 - 3*k + 3. Let o be (1 + 1 - 2) + 5. What are the prime factors of m(o)?
13
List the prime factors of (16/(-6))/(34/(-2091)).
2, 41
Let q(c) = -2*c - 4. Let s be q(-3). Let r(n) = 5*n + 0*n + s*n - 5*n - 7. What are the prime factors of r(7)?
7
Suppose -l - 2*l + 3 = 0. List the prime factors of (42 - (-12)/(-4))*l.
3, 13
Let m(v) = -2*v - 5. Let a = -10 - -5. What are the prime factors of m(a)?
5
Suppose -3*z + z + 5*c = -684, 0 = -5*z - c + 1656. What are the prime factors of z?
2, 83
Suppose 2*o = -0*o + 100. What are the prime factors of o?
2, 5
Suppose 3*w = 47 + 19. Let b = w - 1. What are the prime factors of b?
3, 7
Let w be (-12)/42 - 604/(-7). Let m = w - 58. What are the prime factors of m?
2, 7
What are the prime factors of 1/(20/(-8)) + (-3985)/(-25)?
3, 53
Suppose 3*c = i + 5*c, 12 = 3*i + 2*c. Let l = i + 10. List the prime factors of l.
2
Suppose -7 = -3*w + 4*w - 3*r, -4*w + 4*r - 4 = 0. Let q(k) = k**2 - 4*k - 5. Let m be q(5). Suppose 18 = w*o - m*o. List the prime factors of o.
3
List the prime factors of (-4 - -8)*(-38)/(-8).
19
Suppose 4*u + 17 = -5*i, 2*u + 0*u + 4*i + 16 = 0. Let q be 216/15 - 6/15. Suppose -2*w + q = u. List the prime factors of w.
2, 3
What are the prime factors of 6/4*10*1?
3, 5
Let s(q) = -3*q - 10. Let h(r) = r - 1. Let f be h(-4). List the prime factors of s(f).
5
Let k = 197 - 108. Let d = k - 31. List the prime factors of d.
2, 29
Let r(h) = -4*h**3 - h + 3. Let a(d) = 9*d**3 + 2*d - 7. Let o(v) = -3*a(v) - 7*r(v). Suppose -5*c = -5*l - 35, -l - 10 = l. What are the prime factors of o(c)?
2, 5
Suppose 3 = -4*v + v. What are the prime factors of v/(-1)*39/3?
13
Suppose 67*l = 65*l + 656. What are the prime factors of l?
2, 41
Let u = 85 + -59. Suppose -h + 34 = 4*w, -4*w + 2 + u = 4*h. List the prime factors of w.
3
Let j = -25 - -36. Let w = j - 7. What are the prime factors of w?
2
Suppose 731 = 7*y - 1327. List the prime factors of y.
2, 3, 7
Suppose 4*f - 433 = c, -2*c + 23 + 92 = f. List the prime factors of f.
109
Let u(x) be the first derivative of x**3/3 + x**2 - 15*x - 6. List the prime factors of u(-8).
3, 11
Suppose t + 2 = -4. Let j = t + 30. What are the prime factors of j?
2, 3
Let p(m) = -12 + 4*m**2 - 12*m - 3*m**2 - 2*m**2 - 4*m. Let a be p(-8). Suppose 4*f = -0*f + a. List the prime factors of f.
13
What are the prime factors of 12/(-10)*(9 + -34)?
2, 3, 5
Suppose 0 = y + 4*y. Suppose y = -2*v - 4, -5*s - v = -31 - 52. List the prime factors of s.
17
Let x be (-3)/(2 - (-2)/(-4)). Let h be 2 + -2 + 9 + x. Let i = h + -1. What are the prime factors of i?
2, 3
Let a(n) = n**3 + 6*n**2 - 2*n - 1. Let l be ((3 - -1) + -2)*-3. List the prime factors of a(l).
11
What are the prime factors of 2/((-1228)/(-306) - 4) + -3?
2, 3, 5
Suppose 0 = -10*q + 9*q + 42. List the prime factors of q.
2, 3, 7
Let i be (-1)/(1*(-4)/68). Suppose -k - 4 = -i. List the prime factors of k.
13
Suppose 408 = -5*p + 8*p - 3*x, -5*p + 684 = -4*x. Let g = p - 41. List the prime factors of (-2)/8 + g/12.
2
Let a be (-11)/4 + 1/(-4). Let c = 3 + a. Suppose c*s = -4*s + 28. List the prime factors of s.
7
Suppose -2*f = 2*v - 5 + 3, -4*f + v + 24 = 0. Suppose -f*p + 74 = -46. Suppose -3*l = -9 - p. List the prime factors of l.
11
Suppose -3*x + 34 + 59 = 0. What are the prime factors of x?
31
Let q be 2 - (0 - 2*-1). Let c be q/(9/(-3)) - -3. Suppose c*g + 7 = 28. What are the prime factors of g?
7
Let f = 282 - 183. What are the prime factors of f?
3, 11
Suppose 131 = 3*f + n - 100, 15 = -5*n. What are the prime factors of f?
2, 3, 13
Suppose 5*o - 1 + 6 = 5*x, -2*o + 3*x = 1. Let y be (20/12)/(o/12). List the prime factors of (-4)/10 - 104/y.
2, 5
Let c(j) be the first derivative of -j**2/2 + 7*j - 1. Let l be c(8). List the prime factors of 4/2 - (-7 + l).
2, 5
Suppose 5*w + 38 = 93. Suppose 5*x - w = 49. Suppose 0 = -3*g + g + x. What are the prime factors of g?
2, 3
Let p be ((-1 - 0)*-18)/1. Let u = p - 7. List the prime factors of u.
11
Let q(a) = -a**2 - 6*a. Let y be q(-7). Let x = y + 14. List the prime factors of x.
7
Suppose -u + 580 = 2*u - 5*y, 564 = 3*u + 3*y. What are the prime factors of u?
2, 5, 19
Let h be 1/(-2)*-14*1. Let w = -1 + h. List the prime factors of w.
2, 3
Let g = -36 + 125. List the prime factors of g.
89
Let k(b) = 10*b**3 - b**2 - 6. List the prime factors of k(3).
3, 5, 17
Let u = -1 - -1. Suppose -2 = 3*f + 4*h, u = -5*f - 2*h + 1 + 19. Let v = f + -2. List the prime factors of v.
2
Suppose 5*u - 5 = 5*p, -4*u - 4*p - 3 + 15 = 0. Suppose -u*w - 72 = -6*w. Suppose 0 = -4*x + m + 1 + 23, -3*x = 5*m - w. What are the prime factors of x?
2, 3
Let k be (-2275)/(-10) + (-3)/6. Suppose 0 = 5*h + f - k, h - 4*h + f + 133 = 0. What are the prime factors of h?
3, 5
List the prime factors of (-1 + -6)*(4 + -13).
3, 7
Let z = 7 + 14. List the prime factors of z.
3, 7
Let x(l) = -l**2 + 7*l + 4. Let g be x(6). Let z = 29 - 13. What are the prime factors of z/g + 10/25?
2
Let s be (-2)/(-4) - 5/(-10). Let g = 4 + s. Suppose 2*u - 2*b - 32 = 0, 4*u + 8 = 5*u - g*b. What are the prime factors of u?
2, 3
Suppose 5*d - 76 = 109. Suppose -65 = -2*g - 5*k, 4*k = -2*g + d + 23. What are the prime factors of g?
2, 5
Let s = -2 + 28. List the prime factors of s.
2, 13
List the prime factors of (-332)/(-12) - (-4)/12.
2, 7
Let t = -3 + 6. Suppose -t*v = -g - 0*g - 109, 0 = -g + 5. List the prime factors of v.
2